{"id":53,"date":"2025-10-12T22:28:13","date_gmt":"2025-10-12T22:28:13","guid":{"rendered":"http:\/\/jeff-framarin.fr\/?page_id=53"},"modified":"2025-10-22T09:14:07","modified_gmt":"2025-10-22T09:14:07","slug":"jego-lagence-artisanale-premium","status":"publish","type":"page","link":"https:\/\/jeff-framarin.fr\/index.php\/jego-lagence-artisanale-premium\/","title":{"rendered":"JeGo \u2013 Agence Digitale Premium"},"content":{"rendered":"\n<figure class=\"wp-block-image size-large\"><img loading=\"lazy\" decoding=\"async\" width=\"1024\" height=\"512\" src=\"https:\/\/jeff-framarin.fr\/wp-content\/uploads\/2025\/10\/site-top-8-1024x512.jpg\" alt=\"\" class=\"wp-image-771\" srcset=\"https:\/\/jeff-framarin.fr\/wp-content\/uploads\/2025\/10\/site-top-8-1024x512.jpg 1024w, https:\/\/jeff-framarin.fr\/wp-content\/uploads\/2025\/10\/site-top-8-300x150.jpg 300w, https:\/\/jeff-framarin.fr\/wp-content\/uploads\/2025\/10\/site-top-8-768x384.jpg 768w, https:\/\/jeff-framarin.fr\/wp-content\/uploads\/2025\/10\/site-top-8-1536x768.jpg 1536w, https:\/\/jeff-framarin.fr\/wp-content\/uploads\/2025\/10\/site-top-8.jpg 1920w\" sizes=\"auto, (max-width: 1024px) 100vw, 1024px\" \/><\/figure>\n\n\n\n<h1 class=\"wp-block-heading has-text-align-center has-text-color has-link-color wp-elements-60ce10780f9f897c599587a03225697e\" style=\"color:#f8dd7b;font-size:30px\">Un site qui n\u2019attire pas.<\/h1>\n\n\n\n<p class=\"has-text-align-center\"><\/p>\n\n\n<div class=\"wp-block-image is-style-rounded\">\n<figure class=\"alignleft size-large is-resized\"><img loading=\"lazy\" decoding=\"async\" width=\"683\" height=\"1024\" src=\"https:\/\/jeff-framarin.fr\/wp-content\/uploads\/2025\/10\/ChatGPT-Image-4-oct.-2025-11_06_17-1-683x1024.png\" alt=\"\" class=\"wp-image-260\" style=\"width:333px;height:auto\" srcset=\"https:\/\/jeff-framarin.fr\/wp-content\/uploads\/2025\/10\/ChatGPT-Image-4-oct.-2025-11_06_17-1-683x1024.png 683w, https:\/\/jeff-framarin.fr\/wp-content\/uploads\/2025\/10\/ChatGPT-Image-4-oct.-2025-11_06_17-1-200x300.png 200w, https:\/\/jeff-framarin.fr\/wp-content\/uploads\/2025\/10\/ChatGPT-Image-4-oct.-2025-11_06_17-1-768x1152.png 768w, https:\/\/jeff-framarin.fr\/wp-content\/uploads\/2025\/10\/ChatGPT-Image-4-oct.-2025-11_06_17-1.png 1024w\" sizes=\"auto, (max-width: 683px) 100vw, 683px\" \/><\/figure>\n<\/div>\n\n\n<h2 class=\"wp-block-heading has-text-color has-link-color wp-elements-6b8c7cdb42948ee031a2d3b42898a65e\" style=\"color:#f8dd7b;font-size:30px\">La v\u00e9rit\u00e9 ?<\/h2>\n\n\n\n<p class=\"has-theme-palette-9-color has-text-color has-link-color wp-elements-434b14357bb810f5e3c3a33e6714900e\" style=\"font-size:24px\">Des textes qui n\u2019accrochent pas.<br>Une strat\u00e9gie SEO qui stagne.<br>Et du temps perdu \u00e0 r\u00e9p\u00e9ter les m\u00eames t\u00e2ches commerciales.<\/p>\n\n\n\n<p class=\"has-theme-palette-9-color has-text-color has-link-color wp-elements-3e0cff5d49b29b2da67be9538131513f\" style=\"font-size:24px\">La plupart des entrepreneurs paient pour des morceaux de solution : un site joli, des textes SEO, ou une promesse d\u2019automatisation\u2026 mais jamais les trois ensemble.<\/p>\n\n\n\n<p class=\"has-theme-palette-9-color has-text-color has-link-color wp-elements-77c1d3348707e118cfe61bc48d943f53\" style=\"font-size:24px\"><strong>R\u00e9sultat : beaucoup d\u2019efforts, peu de clients, et un manque \u00e0 gagner \u00e9norme<\/strong> <em>(jusqu\u2019\u00e0 \u201330 % de ventes en moyenne par rapport aux concurrents mieux structur\u00e9s).<\/em><\/p>\n\n\n\n<p><\/p>\n\n\n\n<p><\/p>\n\n\n\n<h2 class=\"wp-block-heading has-text-align-center has-text-color has-link-color wp-elements-87798e76b7f2329259759d431775ecd6\" style=\"color:#f8dd7b;font-size:30px\">Tu connais cette frustration :<\/h2>\n\n\n<div class=\"wp-block-image is-style-rounded\">\n<figure class=\"alignright size-full is-resized\"><img loading=\"lazy\" decoding=\"async\" width=\"500\" height=\"500\" src=\"https:\/\/jeff-framarin.fr\/wp-content\/uploads\/2025\/10\/Ce-qui-fait-la-difference-ma-methode-PRES-307-31.png\" alt=\"\" class=\"wp-image-471\" style=\"width:627px;height:auto\" srcset=\"https:\/\/jeff-framarin.fr\/wp-content\/uploads\/2025\/10\/Ce-qui-fait-la-difference-ma-methode-PRES-307-31.png 500w, https:\/\/jeff-framarin.fr\/wp-content\/uploads\/2025\/10\/Ce-qui-fait-la-difference-ma-methode-PRES-307-31-300x300.png 300w, https:\/\/jeff-framarin.fr\/wp-content\/uploads\/2025\/10\/Ce-qui-fait-la-difference-ma-methode-PRES-307-31-150x150.png 150w\" sizes=\"auto, (max-width: 500px) 100vw, 500px\" \/><\/figure>\n<\/div>\n\n\n<p><\/p>\n\n\n\n<p class=\"has-theme-palette-9-color has-text-color has-link-color wp-elements-43c17a60caa327a2bb446bff70cceab6\" style=\"font-size:24px\">Avoir investi dans un site qui ne g\u00e9n\u00e8re pas de ventes<br><em>(certains perdent 70 % de leur trafic sans optimisation).<\/em><\/p>\n\n\n\n<p class=\"has-theme-palette-9-color has-text-color has-link-color wp-elements-4a2337d0bc304a4b8036f9822ecf11aa\" style=\"font-size:24px\">Passer des heures \u00e0 \u00e9crire du contenu qui ne d\u00e9colle pas sur Google<br><em>(alors qu\u2019un article calibr\u00e9 Premium SEO g\u00e9n\u00e8re en moyenne +42 % de trafic en 3 mois).<\/em><\/p>\n\n\n\n<p class=\"has-theme-palette-9-color has-text-color has-link-color wp-elements-aab6b77a8324515ff2da16d1fda64a18\" style=\"font-size:24px\">Envoyer des mails \u00e0 la main, sans jamais voir ton agenda se remplir<br><em>(quand une s\u00e9quence automatis\u00e9e multiplie par 3 le taux de rendez-vous).<\/em><\/p>\n\n\n\n<p class=\"has-theme-palette-9-color has-text-color has-link-color wp-elements-7fa46bf272757a913474f6546a8fd575\" style=\"font-size:24px\">Tu as d\u00e9j\u00e0 senti que tout \u00e7a pourrait \u00eatre tellement plus simple\u2026<br> Mais il manquait la pi\u00e8ce du puzzle.<\/p>\n\n\n\n<h2 class=\"wp-block-heading has-text-align-center has-text-color has-link-color wp-elements-45d7b0cf5f0a42b84af1dfd02926f034\" style=\"color:#f8dd7b;font-size:30px\">La performance ne vient pas d\u2019un seul levier.<\/h2>\n\n\n\n<p><\/p>\n\n\n\n<p class=\"has-theme-palette-9-color has-text-color has-link-color wp-elements-0061cfd53bac47e0dcdaf60fdb33ef34\" style=\"font-size:24px\">Elle vient de l\u2019\u00e9quilibre.<\/p>\n\n\n\n<ul class=\"wp-block-list\">\n<li class=\"has-theme-palette-9-color has-text-color has-link-color wp-elements-dfa0797fcbb1a0f6e72fb5743bf4d066\" style=\"font-size:24px\">Sans un <strong>site structur\u00e9 &amp; visuel impactant<\/strong>, ton offre ne donne pas envie.<br><em>(taux de rebond moyen divis\u00e9 par 2 avec une architecture claire).<\/em><\/li>\n\n\n\n<li class=\"has-theme-palette-9-color has-text-color has-link-color wp-elements-45f82a2140617891ee6191d7499821a0\" style=\"font-size:24px\">Sans des <strong>textes optimis\u00e9s 100 % vente + 100 % SEO<\/strong>, tes pages restent invisibles.<br><em>(+80 % des textes livr\u00e9s atteignent la premi\u00e8re page en moins de 6 mois).<\/em><\/li>\n\n\n\n<li class=\"has-theme-palette-9-color has-text-color has-link-color wp-elements-39aab1a9ec66e889d190fc0825fc0634\" style=\"font-size:24px\">Sans des <strong>automatisations intelligentes<\/strong>, tu continues de perdre du temps\u2026 et donc de l\u2019argent.<br><em>(jusqu\u2019\u00e0 3 h par jour \u00e9conomis\u00e9es avec des relances automatiques).<\/em><\/li>\n\n\n\n<li><\/li>\n<\/ul>\n\n\n<div class=\"wp-block-image is-style-rounded\">\n<figure class=\"alignleft size-full is-resized\"><img loading=\"lazy\" decoding=\"async\" width=\"1024\" height=\"1024\" src=\"https:\/\/jeff-framarin.fr\/wp-content\/uploads\/2025\/10\/ChatGPT-Image-4-oct.-2025-12_46_38.png\" alt=\"\" class=\"wp-image-274\" style=\"width:340px;height:auto\" srcset=\"https:\/\/jeff-framarin.fr\/wp-content\/uploads\/2025\/10\/ChatGPT-Image-4-oct.-2025-12_46_38.png 1024w, https:\/\/jeff-framarin.fr\/wp-content\/uploads\/2025\/10\/ChatGPT-Image-4-oct.-2025-12_46_38-300x300.png 300w, https:\/\/jeff-framarin.fr\/wp-content\/uploads\/2025\/10\/ChatGPT-Image-4-oct.-2025-12_46_38-150x150.png 150w, https:\/\/jeff-framarin.fr\/wp-content\/uploads\/2025\/10\/ChatGPT-Image-4-oct.-2025-12_46_38-768x768.png 768w\" sizes=\"auto, (max-width: 1024px) 100vw, 1024px\" \/><\/figure>\n<\/div>\n\n\n<p><\/p>\n\n\n\n<h2 class=\"wp-block-heading has-text-align-right has-theme-palette-9-color has-text-color has-link-color wp-elements-c78aada1a546e56675ec3595c8c19a52\"><em>C\u2019est la combinaison de ces trois piliers qui fait toute la diff\u00e9rence.<\/em>  <\/h2>\n\n\n\n<p class=\"has-text-align-right has-theme-palette-9-color has-text-color has-link-color wp-elements-01b0ddd959a9c3ba1a3b59cea58c2965\" style=\"font-size:24px\">Un seul qui manque, et ton syst\u00e8me s\u2019\u00e9croule.<\/p>\n\n\n\n<p><\/p>\n\n\n\n<p><\/p>\n\n\n\n<p class=\"has-text-align-center has-theme-palette-9-color has-text-color has-link-color wp-elements-31ff8026ffab4f611ecb26c5e9993928\" style=\"font-size:24px\"><\/p>\n\n\n\n<p class=\"has-text-align-center has-text-color has-link-color wp-elements-4011f2b1fd4c3536f26671fadf83ecee\" style=\"color:#f8dd7b;font-size:24px\"><em> <\/em><\/p>\n\n\n\n<h2 class=\"wp-block-heading has-text-align-left has-text-color has-link-color wp-elements-ad1c9e5d9c0ff011628cfa558437b1c1\" style=\"color:#f8dd7b;font-size:30px\">Avec JeGo, tu ne choisis plus.<\/h2>\n\n\n\n<p><\/p>\n\n\n\n<p class=\"has-theme-palette-9-color has-text-color has-link-color wp-elements-47e1d0253eb20c6c8334fab348f71da9\" style=\"font-size:24px\">Tu obtiens <strong>les trois en m\u00eame temps<\/strong>, r\u00e9unis dans un pack unique :<\/p>\n\n\n\n<p class=\"has-theme-palette-9-color has-text-color has-link-color wp-elements-5b77b327673df5ac5c7a049397f33b52\" style=\"font-size:24px\"><strong>Automatisations intelligentes<\/strong> \u2013 s\u00e9quences email, relances, suivi\u2026<br><em>(ROI des emails automatis\u00e9s x5 en 90 jours).<\/em><\/p>\n\n\n\n<ul class=\"wp-block-list\">\n<li class=\"has-theme-palette-9-color has-text-color has-link-color wp-elements-f588b15c67fc196d4fba68d9195f752d\" style=\"font-size:24px\"><strong>Audit initial complet<\/strong> \u2013 pour identifier ton potentiel cach\u00e9 et tes points de blocage<br><em>(jusqu\u2019\u00e0 25 opportunit\u00e9s d\u2019optimisation d\u00e9tect\u00e9es en moyenne).<\/em><\/li>\n\n\n\n<li class=\"has-theme-palette-9-color has-text-color has-link-color wp-elements-2a0a8ed886eb832f84c33831e0e3ad53\" style=\"font-size:24px\"><strong>\u00c9criture des textes premium<\/strong> \u2013 calibr\u00e9s 100 % vente et 100 % SEO<br><em>(augmentation moyenne des conversions de +37 %).<\/em><\/li>\n\n\n\n<li class=\"has-theme-palette-9-color has-text-color has-link-color wp-elements-85adcd8760170cac4c4f7c7d5d722f62\" style=\"font-size:24px\"><strong>Cr\u00e9ation du site structur\u00e9 &amp; visuel impactant<\/strong> \u2013 images, design, mise en ligne <em>(hors nom de domaine &amp; h\u00e9bergement)<\/em><br><em>(taux de r\u00e9tention multipli\u00e9 par 1,8 sur les pages cl\u00e9s).<\/em><\/li>\n\n\n\n<li class=\"has-theme-palette-9-color has-text-color has-link-color wp-elements-8798e1d5afe7dcfa91ce2c799a34c249\" style=\"font-size:24px\"><strong>Audit de contr\u00f4le 6 mois apr\u00e8s<\/strong> \u2013 pour v\u00e9rifier que tout continue \u00e0 performer<br><em>(97 % des ajustements maintiennent ou am\u00e9liorent les r\u00e9sultats initiaux).<\/em><\/li>\n<\/ul>\n\n\n\n<figure class=\"wp-block-image alignfull size-large is-style-rounded\"><img loading=\"lazy\" decoding=\"async\" width=\"1024\" height=\"683\" src=\"https:\/\/jeff-framarin.fr\/wp-content\/uploads\/2025\/10\/ChatGPT-Image-4-oct.-2025-11_24_03-1024x683.png\" alt=\"\" class=\"wp-image-262\" srcset=\"https:\/\/jeff-framarin.fr\/wp-content\/uploads\/2025\/10\/ChatGPT-Image-4-oct.-2025-11_24_03-1024x683.png 1024w, https:\/\/jeff-framarin.fr\/wp-content\/uploads\/2025\/10\/ChatGPT-Image-4-oct.-2025-11_24_03-300x200.png 300w, https:\/\/jeff-framarin.fr\/wp-content\/uploads\/2025\/10\/ChatGPT-Image-4-oct.-2025-11_24_03-768x512.png 768w, https:\/\/jeff-framarin.fr\/wp-content\/uploads\/2025\/10\/ChatGPT-Image-4-oct.-2025-11_24_03.png 1536w\" sizes=\"auto, (max-width: 1024px) 100vw, 1024px\" \/><\/figure>\n\n\n\n<h2 class=\"wp-block-heading has-text-align-center has-text-color has-link-color wp-elements-6041777fd717a33e0da487f0b93bfb98\" style=\"color:#f8dd7b;font-size:30px\">Chaque \u00e9l\u00e9ment peut se vendre s\u00e9par\u00e9ment\u2026<\/h2>\n\n\n\n<p><\/p>\n\n\n<div class=\"wp-block-image\">\n<figure class=\"alignright size-full is-resized\"><img loading=\"lazy\" decoding=\"async\" width=\"1024\" height=\"1024\" src=\"https:\/\/jeff-framarin.fr\/wp-content\/uploads\/2025\/10\/ChatGPT-Image-9-oct.-2025-12_24_05.png\" alt=\"\" class=\"wp-image-380\" style=\"width:387px;height:auto\" srcset=\"https:\/\/jeff-framarin.fr\/wp-content\/uploads\/2025\/10\/ChatGPT-Image-9-oct.-2025-12_24_05.png 1024w, https:\/\/jeff-framarin.fr\/wp-content\/uploads\/2025\/10\/ChatGPT-Image-9-oct.-2025-12_24_05-300x300.png 300w, https:\/\/jeff-framarin.fr\/wp-content\/uploads\/2025\/10\/ChatGPT-Image-9-oct.-2025-12_24_05-150x150.png 150w, https:\/\/jeff-framarin.fr\/wp-content\/uploads\/2025\/10\/ChatGPT-Image-9-oct.-2025-12_24_05-768x768.png 768w\" sizes=\"auto, (max-width: 1024px) 100vw, 1024px\" \/><\/figure>\n<\/div>\n\n\n<p class=\"has-theme-palette-9-color has-text-color has-link-color wp-elements-80da9ef26507e9df513fe0f7e8923a70\" style=\"font-size:24px\">(site seul, textes seuls, automatisation seule)<\/p>\n\n\n\n<p class=\"has-theme-palette-9-color has-text-color has-link-color wp-elements-20d759515efd1c99225f1b4667906148\" style=\"font-size:24px\">\u2026 mais c\u2019est dans le <strong>pack complet<\/strong> que l\u2019effet JeGo devient irr\u00e9sistible.<\/p>\n\n\n\n<p class=\"has-theme-palette-9-color has-text-color has-link-color wp-elements-c5d4ce4ce95ca8b6ee5ba9757336b227\" style=\"font-size:24px\"><strong>JeGo, c\u2019est l\u2019\u00e9quilibre parfait entre visibilit\u00e9, d\u00e9sirabilit\u00e9 et rentabilit\u00e9.<\/strong><\/p>\n\n\n\n<h1 class=\"wp-block-heading has-text-color has-link-color wp-elements-e09736a72252b495eff4e8e0633fde17\" style=\"color:#f8dd7b;font-size:30px\">Un site qui attire<\/h1>\n\n\n\n<p class=\"has-theme-palette-9-color has-text-color has-link-color wp-elements-f7479784b435003e3af9edddcf9346bf\" style=\"font-size:24px\">Des mots qui convertissent.<br>Une machine commerciale qui tourne m\u00eame quand tu dors.<\/p>\n\n\n\n<p class=\"has-theme-palette-9-color has-text-color has-link-color wp-elements-8b24c82af40b97345ccb75e45706d60d\" style=\"font-size:24px\"><em>(et qui peut g\u00e9n\u00e9rer +28 % de chiffre d\u2019affaires suppl\u00e9mentaire en moyenne sur 6 mois)<\/em><\/p>\n\n\n<div class=\"wp-block-image\">\n<figure class=\"aligncenter size-full is-resized\"><img loading=\"lazy\" decoding=\"async\" width=\"1536\" height=\"1024\" src=\"https:\/\/jeff-framarin.fr\/wp-content\/uploads\/2025\/10\/ChatGPT-Image-8-oct.-2025-21_44_51-1.png\" alt=\"\" class=\"wp-image-474\" style=\"width:468px;height:auto\" srcset=\"https:\/\/jeff-framarin.fr\/wp-content\/uploads\/2025\/10\/ChatGPT-Image-8-oct.-2025-21_44_51-1.png 1536w, https:\/\/jeff-framarin.fr\/wp-content\/uploads\/2025\/10\/ChatGPT-Image-8-oct.-2025-21_44_51-1-300x200.png 300w, https:\/\/jeff-framarin.fr\/wp-content\/uploads\/2025\/10\/ChatGPT-Image-8-oct.-2025-21_44_51-1-1024x683.png 1024w, https:\/\/jeff-framarin.fr\/wp-content\/uploads\/2025\/10\/ChatGPT-Image-8-oct.-2025-21_44_51-1-768x512.png 768w\" sizes=\"auto, (max-width: 1536px) 100vw, 1536px\" \/><\/figure>\n<\/div>\n\n<style>.kadence-form-53_0a2124-3c .kb-form .kadence-blocks-form-field label .required{color:var(--global-palette9, #ffffff);}.kadence-form-53_0a2124-3c .kb-form .kadence-blocks-form-field > label{color:var(--global-palette9, #ffffff);}.kadence-form-53_0a2124-3c .kb-form .kadence-blocks-form-field .kb-forms-submit{color:#00050e;background:#f8dd7b;}.kb-form input.kadence-blocks-field.verify{opacity:0.0;position:absolute;top:0.0;left:0.0;width:0.0;height:0.0;z-index:-1;}<\/style>\n<div class=\"wp-block-kadence-form kadence-form-53_0a2124-3c kb-form-wrap\"><form class=\"kb-form\" action=\"\" method=\"post\"><div class=\"kadence-blocks-form-field kb-field-desk-width-100 kb-input-size-standard\"><label for=\"kb_field_53_0a2124-3c_0\">Name<\/label><input name=\"kb_field_0\" id=\"kb_field_53_0a2124-3c_0\" data-label=\"Name\" type=\"text\" placeholder=\"\" value=\"\" data-type=\"text\" class=\"kb-field kb-text-style-field kb-text-field kb-field-0\"\/><\/div><div class=\"kadence-blocks-form-field kb-form-field-1 kb-field-desk-width-100 kb-input-size-standard\"><label for=\"kb_field_53_0a2124-3c_1\">Email<span class=\"required\">*<\/span><\/label><input name=\"kb_field_1\" id=\"kb_field_53_0a2124-3c_1\" data-label=\"Email\" type=\"email\" placeholder=\"\" value=\"\" data-type=\"email\" class=\"kb-field kb-text-style-field kb-email-field kb-field-1\" data-required=\"yes\"\/><\/div><div class=\"kadence-blocks-form-field kb-form-field-2 kb-field-desk-width-100 kb-input-size-standard\"><label for=\"kb_field_53_0a2124-3c_2\">Message<span class=\"required\">*<\/span><\/label><textarea name=\"kb_field_2\" id=\"kb_field_53_0a2124-3c_2\" data-label=\"Message\" type=\"textarea\" placeholder=\"\" data-type=\"textarea\" class=\"kb-field kb-text-style-field kb-textarea-field kb-field-2\" rows=\"4\" data-required=\"yes\"><\/textarea><\/div><input type=\"hidden\" name=\"_kb_form_id\" value=\"53_0a2124-3c\"\/><input type=\"hidden\" name=\"_kb_form_post_id\" value=\"53\"\/><input type=\"hidden\" name=\"action\" value=\"kb_process_ajax_submit\"\/><label class=\"kadence-verify-label\">Email<input class=\"kadence-blocks-field verify\" type=\"text\" name=\"_kb_verify_email\" autocomplete=\"new-password\" aria-hidden=\"true\" placeholder=\"Email\" tabindex=\"-1\" data-1p-ignore=\"true\" data-lpignore=\"true\" \/><\/label><div class=\"kadence-blocks-form-field kb-submit-field kb-field-desk-width-100\"><button class=\"kb-forms-submit button kb-button-size-standard kb-button-width-auto\">Submit<\/button><\/div><\/form><\/div>\n<noscript><div class=\"kadence-blocks-form-message kadence-blocks-form-warning\">Veuillez activer JavaScript dans votre navigateur pour envoyer le formulaire.<\/div><style>.kadence-form-53_0a2124-3c .kadence-blocks-form-field.kb-submit-field { display: none; }<\/style><\/noscript>\n\n\n<p><\/p>\n","protected":false},"excerpt":{"rendered":"<p>Un site qui n\u2019attire pas. La v\u00e9rit\u00e9 ? Des textes qui n\u2019accrochent pas.Une strat\u00e9gie SEO qui stagne.Et du temps perdu \u00e0 r\u00e9p\u00e9ter les m\u00eames t\u00e2ches commerciales. La plupart des entrepreneurs paient pour des morceaux de solution : un site joli, des textes SEO, ou une promesse d\u2019automatisation\u2026 mais jamais les trois ensemble. R\u00e9sultat : beaucoup&#8230;<\/p>\n","protected":false},"author":1,"featured_media":0,"parent":0,"menu_order":0,"comment_status":"closed","ping_status":"closed","template":"","meta":{"_kad_post_transparent":"","_kad_post_title":"","_kad_post_layout":"","_kad_post_sidebar_id":"","_kad_post_content_style":"","_kad_post_vertical_padding":"","_kad_post_feature":"","_kad_post_feature_position":"","_kad_post_header":false,"_kad_post_footer":false,"footnotes":""},"class_list":["post-53","page","type-page","status-publish","hentry"],"_links":{"self":[{"href":"https:\/\/jeff-framarin.fr\/index.php\/wp-json\/wp\/v2\/pages\/53","targetHints":{"allow":["GET"]}}],"collection":[{"href":"https:\/\/jeff-framarin.fr\/index.php\/wp-json\/wp\/v2\/pages"}],"about":[{"href":"https:\/\/jeff-framarin.fr\/index.php\/wp-json\/wp\/v2\/types\/page"}],"author":[{"embeddable":true,"href":"https:\/\/jeff-framarin.fr\/index.php\/wp-json\/wp\/v2\/users\/1"}],"replies":[{"embeddable":true,"href":"https:\/\/jeff-framarin.fr\/index.php\/wp-json\/wp\/v2\/comments?post=53"}],"version-history":[{"count":69,"href":"https:\/\/jeff-framarin.fr\/index.php\/wp-json\/wp\/v2\/pages\/53\/revisions"}],"predecessor-version":[{"id":797,"href":"https:\/\/jeff-framarin.fr\/index.php\/wp-json\/wp\/v2\/pages\/53\/revisions\/797"}],"wp:attachment":[{"href":"https:\/\/jeff-framarin.fr\/index.php\/wp-json\/wp\/v2\/media?parent=53"}],"curies":[{"name":"wp","href":"https:\/\/api.w.org\/{rel}","templated":true}]}}